{"id":19,"date":"2014-04-15T17:22:55","date_gmt":"2014-04-15T17:22:55","guid":{"rendered":"http:\/\/sa-auto-langerhuse.dk\/?page_id=19"},"modified":"2014-04-15T17:22:55","modified_gmt":"2014-04-15T17:22:55","slug":"garanti","status":"publish","type":"page","link":"https:\/\/sa-auto-langerhuse.dk\/?page_id=19","title":{"rendered":"Garanti"},"content":{"rendered":"<h1>GARANTI<\/h1>\n<div>\n<p>SA-Auto tryghedsgaranti<\/p>\n<p>SA-Auto giver hele 3 \u00e5rs garanti p\u00e5 nye reservedele<\/p>\n<p>SA-Auto giver 6 m\u00e5neders garanti p\u00e5 alle brugte biler<\/p>\n<\/div>\n","protected":false},"excerpt":{"rendered":"<p>GARANTI SA-Auto tryghedsgaranti SA-Auto giver hele 3 \u00e5rs garanti p\u00e5 nye reservedele SA-Auto giver 6 m\u00e5neders garanti p\u00e5 alle brugte biler<\/p>\n","protected":false},"author":1,"featured_media":0,"parent":0,"menu_order":0,"comment_status":"closed","ping_status":"closed","template":"","meta":{"footnotes":""},"class_list":["post-19","page","type-page","status-publish","hentry"],"_links":{"self":[{"href":"https:\/\/sa-auto-langerhuse.dk\/index.php?rest_route=\/wp\/v2\/pages\/19","targetHints":{"allow":["GET"]}}],"collection":[{"href":"https:\/\/sa-auto-langerhuse.dk\/index.php?rest_route=\/wp\/v2\/pages"}],"about":[{"href":"https:\/\/sa-auto-langerhuse.dk\/index.php?rest_route=\/wp\/v2\/types\/page"}],"author":[{"embeddable":true,"href":"https:\/\/sa-auto-langerhuse.dk\/index.php?rest_route=\/wp\/v2\/users\/1"}],"replies":[{"embeddable":true,"href":"https:\/\/sa-auto-langerhuse.dk\/index.php?rest_route=%2Fwp%2Fv2%2Fcomments&post=19"}],"version-history":[{"count":0,"href":"https:\/\/sa-auto-langerhuse.dk\/index.php?rest_route=\/wp\/v2\/pages\/19\/revisions"}],"wp:attachment":[{"href":"https:\/\/sa-auto-langerhuse.dk\/index.php?rest_route=%2Fwp%2Fv2%2Fmedia&parent=19"}],"curies":[{"name":"wp","href":"https:\/\/api.w.org\/{rel}","templated":true}]}}